{"id":14,"date":"2023-03-20T11:09:29","date_gmt":"2023-03-20T10:09:29","guid":{"rendered":"http:\/\/lionsclub-sannoisherblaylafrette.fr\/?page_id=14"},"modified":"2026-02-12T10:34:33","modified_gmt":"2026-02-12T09:34:33","slug":"reglement-du-vide-grenier","status":"publish","type":"page","link":"https:\/\/lionsclub-sannoisherblaylafrette.fr\/?page_id=14","title":{"rendered":"R\u00e8glement du Vide-Grenier"},"content":{"rendered":"\n<div class=\"wp-block-columns is-layout-flex wp-container-core-columns-is-layout-9d6595d7 wp-block-columns-is-layout-flex\">\n<div class=\"wp-block-column is-layout-flow wp-block-column-is-layout-flow\"><div class=\"wp-block-image is-resized\">\n<figure class=\"aligncenter size-full\"><img loading=\"lazy\" decoding=\"async\" width=\"512\" height=\"512\" src=\"https:\/\/lionsclub-sannoisherblaylafrette.fr\/wp-content\/uploads\/2023\/03\/cropped-cropped-LOGO-LIONS-1.jpg\" alt=\"\" class=\"wp-image-87\" srcset=\"https:\/\/lionsclub-sannoisherblaylafrette.fr\/wp-content\/uploads\/2023\/03\/cropped-cropped-LOGO-LIONS-1.jpg 512w, https:\/\/lionsclub-sannoisherblaylafrette.fr\/wp-content\/uploads\/2023\/03\/cropped-cropped-LOGO-LIONS-1-300x300.jpg 300w, https:\/\/lionsclub-sannoisherblaylafrette.fr\/wp-content\/uploads\/2023\/03\/cropped-cropped-LOGO-LIONS-1-150x150.jpg 150w\" sizes=\"auto, (max-width: 512px) 100vw, 512px\" \/><\/figure>\n<\/div><\/div>\n\n\n\n<div class=\"wp-block-column is-layout-flow wp-block-column-is-layout-flow\">\n<figure class=\"wp-block-image size-full is-resized\"><img loading=\"lazy\" decoding=\"async\" width=\"212\" height=\"112\" src=\"https:\/\/lionsclub-sannoisherblaylafrette.fr\/wp-content\/uploads\/2023\/04\/logo-sannois.png\" alt=\"\" class=\"wp-image-142\"\/><\/figure>\n<\/div>\n\n\n\n<div class=\"wp-block-column is-layout-flow wp-block-column-is-layout-flow\"><div class=\"wp-block-image is-resized\">\n<figure class=\"aligncenter size-full\"><img loading=\"lazy\" decoding=\"async\" width=\"225\" height=\"320\" src=\"https:\/\/lionsclub-sannoisherblaylafrette.fr\/wp-content\/uploads\/2023\/03\/Logo-Club-Sannois-Herblay-La-Frette-Rive-de-Seine.jpg\" alt=\"\" class=\"wp-image-46\" srcset=\"https:\/\/lionsclub-sannoisherblaylafrette.fr\/wp-content\/uploads\/2023\/03\/Logo-Club-Sannois-Herblay-La-Frette-Rive-de-Seine.jpg 225w, https:\/\/lionsclub-sannoisherblaylafrette.fr\/wp-content\/uploads\/2023\/03\/Logo-Club-Sannois-Herblay-La-Frette-Rive-de-Seine-211x300.jpg 211w\" sizes=\"auto, (max-width: 225px) 100vw, 225px\" \/><\/figure>\n<\/div><\/div>\n<\/div>\n\n\n\n<figure class=\"wp-block-table\"><table><tbody><tr><td class=\"has-text-align-center\" data-align=\"center\"><strong>REGLEMENT DU VIDE-GRENIER CARITATIF<\/strong><br><strong>LIONS CLUB SANNOIS, HERBLAY SUR SEINE, LA FRETTE SUR SEINE, RIVE DE<\/strong> <strong>SEINE<\/strong><br><strong>ET VILLE DE SANNOIS<\/strong><br><br><strong>Dimanche 7 juin 2026, boulevard Gambetta (du n\u00b05 au 101), et rue des Conches \/ Bas des Conches \u00e0 Sannois.<\/strong><br><br><strong><em>Au profit exclusif des \u0153uvres caritatives et humanitaires du Lions Club Sannois, Herblay sur Seine, La Frette sur Seine, Rive de Seine, en faveur des enfants et personnes malvoyants ou autistes, ou souffrant de cancer ou de maladies rares, ou ayant besoin d\u2019un appui pour r\u00e9insertion sociale<\/em><\/strong><\/td><\/tr><\/tbody><\/table><\/figure>\n\n\n\n<hr class=\"wp-block-separator has-alpha-channel-opacity\"\/>\n\n\n\n<p><strong>ARTICLE I : R\u00c9GLEMENTATION G\u00c9N\u00c9RALE \u2013 POLITIQUE DE CONFIDENTIALITE<\/strong><\/p>\n\n\n\n<p>Les organisateurs ne sont pas responsables des conditions climatiques ou autre \u00e9v\u00e8nement qui pourraient perturber ou annuler le vide-grenier. Aucun remboursement ne sera effectu\u00e9 dans ce cas. Les organisateurs d\u00e9clinent toute responsabilit\u00e9 en cas de perte, casse, vols, dommages ou accidents, notamment sur les parkings de stationnement.<\/p>\n\n\n\n<p><br>Les organisateurs respectent la politique de confidentialit\u00e9 concernant le traitement des donn\u00e9es personnelles (RGPD).<\/p>\n\n\n\n<p><br>Les organisateurs utilisent les outils s\u00e9curis\u00e9s de paiement du syst\u00e8me bancaire (virement SEPA ou paiement par Carte Bleue) et n\u2019ont pas acc\u00e8s aux donn\u00e9es bancaires de l\u2019exposant.<\/p>\n\n\n\n<p><strong>ARTICLE II : OBLIGATIONS DES EXPOSANTS<\/strong><\/p>\n\n\n\n<p>Les exposants doivent \u00eatre majeurs et devront pouvoir pr\u00e9senter un document avec photo attestant de leur identit\u00e9. Ils sont responsables des d\u00e9g\u00e2ts qu\u2019ils pourraient occasionner et s\u2019engagent \u00e0 respecter les consignes qui pourraient leur \u00eatre donn\u00e9es par les organisateurs ou la police municipale.<\/p>\n\n\n\n<p>Les exposants d\u00e9clarent sur l\u2019honneur ne pas \u00eatre commer\u00e7ant(e), ne vendre que des objets personnels et usag\u00e9s, et ne pas avoir particip\u00e9 \u00e0 plus de deux \u00e9v\u00e8nements de m\u00eame nature au cours de l\u2019ann\u00e9e civile. Les exposants sont responsables de la qualit\u00e9 des produits vendus sur leurs emplacements. <\/p>\n\n\n\n<p>En transmettant son formulaire d\u2019inscription, <strong>l\u2019exposant d\u00e9clare sur l\u2019honneur conna\u00eetre le pr\u00e9sent r\u00e8glement, l\u2019approuver sans r\u00e9serve et d\u00e9charger par la m\u00eame les organisateurs de toutes responsabilit\u00e9s p\u00e9nales, civiles et administratives quant \u00e0 sa participation.<\/strong><\/p>\n\n\n\n<p><strong>ARTICLE III&nbsp;: <strong>INSTALLATION ET D\u00c9SINSTALLATION<\/strong><\/strong><\/p>\n\n\n\n<p><strong>Installation : de 5h \u00e0 8h30<\/strong>, le 7 juin 2026, boulevard Gambetta et rue du Bas des Conches \u00e0 Sannois. <strong>Apr\u00e8s 8h<\/strong>, les emplacements libres seront r\u00e9attribu\u00e9s, sans remboursement.<\/p>\n\n\n\n<p><strong>Arr\u00eat des ventes \u00e0 18h<\/strong>, mais aucun exposant ne devra quitter les lieux avant 18h30 pour laisser sortir les visiteurs de l\u2019emprise du vide-grenier. Les exposants et food-trucks devront avoir <strong>quitt\u00e9 les lieux entre 18h30 et 20h au plus tard<\/strong>.<\/p>\n\n\n\n<p>Les organisateurs se r\u00e9servent le droit de refuser l\u2019installation ou d\u2019exclure \u00e0 tout moment de la journ\u00e9e tout exposant, en cas de non-respect de l\u2019ensemble de ce r\u00e8glement ou de comportement troublant l\u2019ordre public, sans indemnit\u00e9.<\/p>\n\n\n\n<p>Caf\u00e9 et eau seront offerts \u00e0 chaque exposant de 5h \u00e0 9h (une fois par exposant, sur les trois stands du Lions Club r\u00e9partis sur l\u2019emprise du vide-grenier).<\/p>\n\n\n\n<p><strong>ARTICLE IV : CIRCULATION ET STATIONNEMENT<\/strong><\/p>\n\n\n\n<p>Les voies de circulation pi\u00e9tonnes et automobiles doivent rester libres en permanence pendant les horaires d\u2019ouverture aux visiteurs (9h \u2013 18h).<\/p>\n\n\n\n<p>Lors de son installation, le participant devra d\u00e9charger son v\u00e9hicule rapidement et se garer ensuite dans les places ou parkings de la ville (parkings du coll\u00e8ge Jean Moulin ou celui de Cyrano).<\/p>\n\n\n\n<p>Pour fluidifier l\u2019installation et la d\u00e9sinstallation&nbsp;(exposants et food-trucks compris) :<\/p>\n\n\n\n<ul class=\"wp-block-list\">\n<li><strong>des cr\u00e9neaux horaires seront attribu\u00e9s \u00e0 chacun et devront \u00eatre respect\u00e9s imp\u00e9rativement \u2013 toute arriv\u00e9e avant l\u2019horaire attribu\u00e9 sera d\u00e9rout\u00e9e vers le centre-ville avant de revenir vers l\u2019entr\u00e9e du Vide-Grenier<\/strong>,<\/li>\n\n\n\n<li><strong>des r\u00e8gles imp\u00e9ratives de circulation seront exig\u00e9es<\/strong>&nbsp;: stationnement c\u00f4t\u00e9 droit du boulevard \/ de la rue, en laissant le c\u00f4t\u00e9 gauche libre pour la circulation des v\u00e9hicules.<\/li>\n<\/ul>\n\n\n\n<p><strong>ARTICLE V : OBJETS EXPOS\u00c9S \u00c0 LA VENTE<\/strong><\/p>\n\n\n\n<p><strong><br><\/strong>Sont interdits \u00e0 la vente : articles neufs, animaux, objets contrefaits, armes, pi\u00e8ces d\u00e9tach\u00e9es de v\u00e9hicules r\u00e9cents, nourriture et alcool. Des contr\u00f4les de conformit\u00e9 seront faits dans la journ\u00e9e avec d\u00e9cisions de retrait ou d\u2019exclusion&nbsp;<strong>sans remboursement<\/strong>.<\/p>\n\n\n\n<p><strong>ARTICLE VI : TARIFS ET PAIEMENT<\/strong><\/p>\n\n\n\n<p>a)<strong> Le prix d\u2019un emplacement est fix\u00e9&nbsp;\u00e0 22\u20ac<\/strong>&nbsp;pour 2m lin\u00e9aires sur 1m50 de profondeur. Chaque participant devra r\u00e9server par module de 2m lin\u00e9aires (2m, 4m, 6m, 8m et 10m). Chaque participant apporte son propre mat\u00e9riel (tables, chaises, barnum, g\u00e9n\u00e9rateur d\u2019\u00e9lectricit\u00e9, \u2026) et pr\u00e9voit dans le p\u00e9rim\u00e8tre de son emplacement l\u2019espace pour acc\u00e9der \/ circuler autour de son stand.<\/p>\n\n\n\n<p>b) <strong><u>L\u2019inscription en ligne est ouverte <\/u><\/strong>du 12 avril au 15 mai 2026, sauf fermeture anticip\u00e9e si le vide-grenier est complet avant .<\/p>\n\n\n\n<p><strong>Les paiements sont remis en banque par le Lions Club d\u00e8s r\u00e9ception<\/strong>.<\/p>\n\n\n\n<p>Dans le cadre d\u2019une&nbsp;inscription en ligne, le paiement peut \u00eatre effectu\u00e9 selon les trois possibilit\u00e9s suivantes :<\/p>\n\n\n\n<p>&#8211;&nbsp;<strong>Paiement par virement<\/strong>&nbsp;au compte du Lions Club au Cr\u00e9dit Mutuel de Sannois : compte num\u00e9ro : IBAN : FR76 1027 8063 4700 0227 1110 196. Bien pr\u00e9ciser le motif du virement, avec le nom et pr\u00e9nom de r\u00e9servation, l\u2019objet Vide-Grenier et la date de demande d\u2019inscription.<\/p>\n\n\n\n<p>&#8211;&nbsp;<strong>Paiement par Carte Bleue<\/strong>&nbsp;sur le compte du Lions Club au Cr\u00e9dit Mutuel de Sannois via le lien pr\u00e9cis\u00e9 sur le site d\u2019inscription.<\/p>\n\n\n\n<p>&#8211;&nbsp;<strong>Paiement par ch\u00e8que<\/strong>&nbsp;\u00e0 l\u2019ordre du Lions Club Sannois, Herblay sur Seine, La Frette sur Seine, Rive de Seine, \u00e0 adresser par courrier postal, \u00e0 : Lions Club Sannois, Herblay sur Seine, La Frette sur Seine, Rive de Seine, chez Olivier HOUREZ, 15 all\u00e9e Polin 95530 LA FRETTE SUR SEINE. Joindre la copie de l\u2019accus\u00e9 de pr\u00e9-r\u00e9servation re\u00e7u par mail apr\u00e8s avoir rempli le formulaire d\u2019inscription.<\/p>\n\n\n\n<p>c) <strong>Inscription possible au stand du march\u00e9 de Sannois<\/strong>, les dimanches matins des 12 avril et 10 mai,&nbsp;avec <strong>paiement par CB, ch\u00e8que ou esp\u00e8ces<\/strong>. Sans adresse mail, remettre 2 enveloppes timbr\u00e9es \u00e0 votre adresse.<\/p>\n\n\n\n<p>Tout dossier incomplet ne sera pas pris en compte, y compris le paiement.&nbsp;<\/p>\n\n\n\n<p>Une confirmation de pr\u00e9-inscription est adress\u00e9e par courriel ou courrier postal adress\u00e9 par les organisateurs.<\/p>\n\n\n\n<p><strong>ARTICLE VII : ATTRIBUTION DES EMPLACEMENTS<\/strong><\/p>\n\n\n\n<p> L\u2019attribution des emplacements se fera&nbsp;<strong>selon les priorit\u00e9s suivantes<\/strong>&nbsp;:<\/p>\n\n\n\n<ul class=\"wp-block-list\">\n<li>Pour les habitants du boulevard Gambetta et sur demande de l\u2019exposant,\u00a0<strong>si r\u00e9servation avant fin avril: <\/strong>meilleurs efforts des organisateurs qui s&rsquo;efforceront de leur attribuer un emplacement au plus pr\u00e8s de son habitation, et en fonction du nombre de m\u00e8tres lin\u00e9aires r\u00e9serv\u00e9s et des disponibilit\u00e9s.<\/li>\n\n\n\n<li><strong>Pour les autres exposants et pour les r\u00e9servations en mai \/ juin: &nbsp;<\/strong>placement selon les disponibilit\u00e9s.<\/li>\n<\/ul>\n\n\n\n<p><strong>Les emplacements attribu\u00e9s ne peuvent pas \u00eatre contest\u00e9s par les exposants.<\/strong><\/p>\n\n\n\n<p>Confirmation de r\u00e9servation d\u00e9finitive, num\u00e9ros d\u2019emplacement, plan synth\u00e9tique de positionnement de l\u2019emplacement et laissez-passer v\u00e9hicule transmis la semaine pr\u00e9c\u00e9dant le 7 juin (courriel ou courrier postal), \u00e0 pr\u00e9senter le jour du Vide-Grenier.<\/p>\n\n\n\n<p><strong>ARTICLE VIII : INSTALLATION DES EMPLACEMENT<\/strong>S<\/p>\n\n\n\n<p><strong>La pr\u00e9sentation des objets ne doit pas entraver la circulation des autres exposants de 5h \u00e0 8h30 et de 18h30 \u00e0 20h ou des visiteurs de 9h \u00e0 18h.<\/strong>&nbsp;Interdiction de disposer de v\u00eatements ou autres objets sur les fa\u00e7ades privatives des habitations, des commerces et des cl\u00f4tures des espaces verts. A la fin du vide-grenier, chaque exposant est pri\u00e9 de nettoyer son emplacement et de jeter ses d\u00e9chets seulement dans les conteneurs et les sacs mis \u00e0 disposition par les organisateurs.<\/p>\n\n\n\n<p><strong>ARTICLE IX : ANNULATION D\u2019INSCRIPTION<\/strong><\/p>\n\n\n\n<p>En cas d\u2019annulation de l\u2019inscription \u00e0 la demande de l\u2019exposant, aucun remboursement ne sera effectu\u00e9 et le montant pay\u00e9 sera revers\u00e9 aux \u0153uvres caritatives du Lions Club.<\/p>\n\n\n\n<p><strong>ARTICLE X : ANNULATION DU VIDE GRENIER<\/strong><\/p>\n\n\n\n<p>Les organisateurs se r\u00e9servent la possibilit\u00e9 d\u2019annuler purement et simplement le Vide-Grenier avant le 7 juin 2026 en cas de force majeure, ou de d\u00e9cision administrative. Les droits d\u2019inscription seront rembours\u00e9s aux exposants sur leur demande ou, sinon, affect\u00e9s aux \u0153uvres caritatives du Lions Club.<\/p>\n\n\n\n<p><strong>ARTICLE XI : PLUS D\u2019INFORMATIONS<\/strong><\/p>\n\n\n\n<p class=\"has-text-align-left\">&#8211; Le site Web du Lions Club : <a href=\"https:\/\/www.lionsclub-sannoisherblaylafrette.fr\/\">https:\/\/www.lionsclub-sannoisherblaylafrette.fr\/<\/a> , rubriques \u00ab Contact \u00bb ou \u00ab&nbsp;Inscription au Vide-Grenier 2026 de Sannois&nbsp;\u00bb<\/p>\n\n\n\n<p class=\"has-text-align-left\">&#8211; Mail \u00e0 l\u2019adresse : &nbsp;<a href=\"mailto:vide-grenier@lionsclub-sannoisherblaylafrette.fr\">vide-grenier@lionsclub-sannoisherblaylafrette.fr<\/a>&nbsp;. Il servira de lien d\u2019\u00e9change <strong>exclusif <\/strong>entre les organisateurs et les exposants. Aucun contact t\u00e9l\u00e9phonique ne sera pris en charge.<\/p>\n\n\n\n<p class=\"has-text-align-left\">&#8211; La page <a href=\"https:\/\/www.facebook.com\/profile.php?id=100088150178021\">Face Book du Lions Club&nbsp;<\/a><\/p>\n\n\n\n<p class=\"has-text-align-left\"><\/p>\n\n\n\n<div class=\"wp-block-buttons is-layout-flex wp-block-buttons-is-layout-flex\">\n<div class=\"wp-block-button\"><a class=\"wp-block-button__link has-primary-background-color has-background wp-element-button\" href=\"https:\/\/lionsclub-sannoisherblaylafrette.fr\/?page_id=280\" style=\"border-radius:46px\">Retour a la page d&rsquo;inscription<\/a><\/div>\n<\/div>\n","protected":false},"excerpt":{"rendered":"<p>REGLEMENT DU VIDE-GRENIER CARITATIFLIONS CLUB SANNOIS, HERBLAY SUR SEINE, LA FRETTE SUR SEINE, RIVE DE SEINEET VILLE DE SANNOIS Dimanche 7 juin 2026, boulevard Gambetta (du n\u00b05 au 101), et rue des Conches \/ Bas des Conches \u00e0 Sannois. Au profit exclusif des \u0153uvres caritatives et humanitaires du Lions Club Sannois, Herblay sur Seine, La [&hellip;]<\/p>\n","protected":false},"author":3,"featured_media":875,"parent":0,"menu_order":0,"comment_status":"closed","ping_status":"closed","template":"","meta":{"_bbp_topic_count":0,"_bbp_reply_count":0,"_bbp_total_topic_count":0,"_bbp_total_reply_count":0,"_bbp_voice_count":0,"_bbp_anonymous_reply_count":0,"_bbp_topic_count_hidden":0,"_bbp_reply_count_hidden":0,"_bbp_forum_subforum_count":0,"footnotes":""},"class_list":["post-14","page","type-page","status-publish","has-post-thumbnail","hentry"],"_links":{"self":[{"href":"https:\/\/lionsclub-sannoisherblaylafrette.fr\/index.php?rest_route=\/wp\/v2\/pages\/14","targetHints":{"allow":["GET"]}}],"collection":[{"href":"https:\/\/lionsclub-sannoisherblaylafrette.fr\/index.php?rest_route=\/wp\/v2\/pages"}],"about":[{"href":"https:\/\/lionsclub-sannoisherblaylafrette.fr\/index.php?rest_route=\/wp\/v2\/types\/page"}],"author":[{"embeddable":true,"href":"https:\/\/lionsclub-sannoisherblaylafrette.fr\/index.php?rest_route=\/wp\/v2\/users\/3"}],"replies":[{"embeddable":true,"href":"https:\/\/lionsclub-sannoisherblaylafrette.fr\/index.php?rest_route=%2Fwp%2Fv2%2Fcomments&post=14"}],"version-history":[{"count":40,"href":"https:\/\/lionsclub-sannoisherblaylafrette.fr\/index.php?rest_route=\/wp\/v2\/pages\/14\/revisions"}],"predecessor-version":[{"id":895,"href":"https:\/\/lionsclub-sannoisherblaylafrette.fr\/index.php?rest_route=\/wp\/v2\/pages\/14\/revisions\/895"}],"wp:featuredmedia":[{"embeddable":true,"href":"https:\/\/lionsclub-sannoisherblaylafrette.fr\/index.php?rest_route=\/wp\/v2\/media\/875"}],"wp:attachment":[{"href":"https:\/\/lionsclub-sannoisherblaylafrette.fr\/index.php?rest_route=%2Fwp%2Fv2%2Fmedia&parent=14"}],"curies":[{"name":"wp","href":"https:\/\/api.w.org\/{rel}","templated":true}]}}